ne b(-7).
17
Let z(s) = 4*s**2 - 5*s - 5. What is z(-2)?
21
Let c(k) = 8*k**3 + 2*k + 1. Give c(2).
69
Let c(h) = h**3 - 2*h - 3. Determine c(-2).
-7
Let w(o) = -o**2 - 6*o - 4. Calculate w(-6).
-4
Let l(p) = -p**3 - 5*p**2 + 15*p - 7. Give l(-7).
-14
Let c(j) = j**3 - 25*j**2 + 20*j + 103. Calculate c(24).
7
Let x(c) = -4*c - 8. Give x(10).
-48
Let i(z) = -5*z + 10. Give i(5).
-15
Let p(d) = -3*d**2 + 6*d + 5. Determine p(5).
-40
Let v(k) = 4*k - 26. Give v(6).
-2
Let g(s) = s**3 + 17*s**2 + 25*s - 85. Determine g(-15).
-10
Let s(d) = -d**3 + 6*d**2 + 9*d - 22. What is s(7)?
-8
Let j(a) = -5*a - 8. Calculate j(8).
-48
Let w(u) = -u**2 + 5*u + 29. Calculate w(0).
29
Let c(q) = q**3 - 8*q**2 + 15*q + 13. Determine c(3).
13
Let o(w) = -10*w + 74. Give o(6).
14
Let n(y) = y**3 + 4*y**2 - 4*y + 15. Calculate n(-6).
-33
Let r(t) = -t**2 + 2*t - 16. Calculate r(0).
-16
Let v(u) = u**3 + u**2 + u - 6. What is v(2)?
8
Let o(q) = 9*q + 294. Determine o(-37).
-39
Let s(r) = 41*r + 2. Calculate s(-1).
-39
Let q(u) = u**3 + 8*u**2 + 8*u - 18. Calculate q(-7).
-25
Let c(g) = -g**3 + 7*g**2 + 7*g - 6. Determine c(8).
-14
Let y(u) = -3*u**3 - 2*u + 1. Give y(-2).
29
Let h(f) = 19*f + 125. Determine h(-7).
-8
Let m(k) = 21*k**2 + 3*k + 2. Give m(-1).
20
Let s(w) = w**2 - 16*w + 42. Calculate s(12).
-6
Let t(h) = -3*h**3 - 21*h**2 - 2*h - 9. Determine t(-7).
5
Let g(p) = -11*p**3 + p**2 - 2. What is g(-1)?
10
Let g(o) = o**2 - 39. Determine g(7).
10
Let s(f) = -10*f - 138. Calculate s(-9).
-48
Let w(m) = m**3 - 19*m**2 + 2*m - 31. Determine w(19).
7
Let b(p) = -p**2 - 6. Give b(0).
-6
Let f(k) = -9*k - 19. Calculate f(-4).
17
Let d(j) = -j**2 - 18*j + 10. Determine d(-19).
-9
Let h(c) = c**3 + 13*c**2 - 3*c - 10. Give h(-13).
29
Let j(n) = n**2 + 28*n + 133. What is j(-22)?
1
Let v(p) = p**2 - 69*p - 71. Give v(70).
-1
Let u(r) = -r**2 + r - 24. What is u(0)?
-24
Let n(f) = -f**2 - 24*f - 45. What is n(-22)?
-1
Let c(x) = 2*x + 17. Calculate c(-6).
5
Let l(n) = -n**2 - 20*n - 95. Give l(-9).
4
Let h(z) = -12*z - 50. Give h(0).
-50
Let d(z) = -3*z + 1. Determine d(5).
-14
Let x(j) = -2*j**2 - 7*j + 8. Calculate x(-7).
-41
Let y(s) = -7*s**2 - 13*s - 7. Give y(-3).
-31
Let b(l) = 37*l**3 - 2*l - 1. What is b(-1)?
-36
Let l(q) = 14*q**2 - 166*q - 27. Determine l(12).
-3
Let v(u) = u**3 - 7*u**2 - 6*u - 11. Determine v(8).
5
Let m(i) = -i**3 + 12*i**2 - 27*i - 1. What is m(3)?
-1
Let q(z) = z**3 + 5*z**2 + 3*z + 22. Determine q(-6).
-32
Let b(v) = 2*v - 5. Calculate b(8).
11
Let x(r) = 3*r + 20. What is x(-10)?
-10
Let p(g) = -g + 27. Give p(15).
12
Let a(m) = 10*m - 85. Give a(9).
5
Let n(o) = o**2 + 8*o + 10. Determine n(-6).
-2
Let v(g) = -5*g + 220. Determine v(37).
35
Let m(i) = 16*i**3 - i**2 + i + 1. What is m(1)?
17
Let x(h) = -2*h**2 + 37*h - 108. Determine x(15).
-3
Let k(c) = -4*c**2 + 11*c - 14. Give k(4).
-34
Let v(l) = -12*l + 14. Give v(-10).
134
Let h(q) = -6*q + 15. Determine h(4).
-9
Let z(n) = -13*n - 123. Calculate z(-10).
7
Let s(g) = -3*g. Give s(2).
-6
Let u(q) = q + 10. Give u(8).
18
Let k(x) = x**2 + 2*x - 15. What is k(-7)?
20
Let i(d) = -11*d**3 - d**2 - 7*d + 7. What is i(1)?
-12
Let x(p) = -p + 6. Determine x(1).
5
Let a(u) = u**3 - 10*u**2 - 8*u - 8. Give a(11).
25
Let t(w) = -w**3 + 7*w**2 - 12*w + 8. Give t(4).
8
Let j(x) = x**3 - 4*x**2 - 19*x - 11. Calculate j(7).
3
Let z(s) = -s**2 + 5*s + 14. Calculate z(6).
8
Let a(c) = 3*c**3 - 19*c**2 - 11*c + 5. Calculate a(7).
26
Let l(n) = -2*n - 13. Calculate l(-6).
-1
Let l(d) = 39*d - 233. Determine l(6).
1
Let q(g) = -g**2 - 11*g - 12. Calculate q(-8).
12
Let h(o) = -11*o - 18. Determine h(-2).
4
Let n(p) = p**3 - 2*p**2 + 5. Determine n(0).
5
Let a(l) = -l**2 - 11*l + 3. Give a(-11).
3
Let n(h) = -4*h**2 - 15*h - 27. What is n(-2)?
-13
Let p(z) = z**3 + 5*z**2 + 12*z + 109. Calculate p(-6).
1
Let k(a) = -a**3 + 30*a**2 + 61*a + 89. Give k(32).
-7
Let t(i) = -i**2 + 16*i - 10. Determine t(15).
5
Let d(u) = 14*u - 64. Give d(8).
48
Let t(r) = 4*r - 1. Calculate t(-2).
-9
Let j(i) = 4*i**2 + 57*i + 14. Give j(-15).
59
Let t(v) = -v**3 - 11*v**2 - 14*v - 26. What is t(-10)?
14
Let k(h) = h**3 + 4*h**2 - 2*h + 7. Determine k(-6).
-53
Let g(v) = -v**2 - 7*v + 7. Calculate g(4).
-37
Let b(z) = -z**2 - 4*z - 1. Calculate b(-6).
-13
Let d(a) = a**3 + 11*a**2 + 18*a + 5. Give d(-9).
5
Let q(y) = y**2 + 7*y. What is q(-7)?
0
Let u(o) = o**2 - 6*o + 10. Determine u(8).
26
Let m(a) = 2*a + 9. What is m(-18)?
-27
Let n(m) = -m**3 - 5*m**2 - 11*m - 17. What is n(-4)?
11
Let d(o) = -2*o**2 + 9*o + 13. What is d(10)?
-97
Let n(c) = -7*c**2 + 15*c - 4. What is n(2)?
-2
Let f(x) = -3*x + 30. Calculate f(-9).
57
Let c(l) = 2*l + 56. Calculate c(-12).
32
Let v(a) = a**3 + 4*a**2 - 13*a - 2. Determine v(-6).
4
Let n(s) = -7*s + 3. What is n(4)?
-25
Let u(h) = -37*h**3 + 2*h**2 - 2*h - 3. Determine u(-1).
38
Let u(z) = -3*z**2 + 2*z + 3. Give u(-1).
-2
Let t(g) = -g**3 + 8*g**2 - 11*g + 6. What is t(6)?
12
Let z(u) = -u**3 + 9*u**2 - 3*u - 34. Calculate z(8).
6
Let n(c) = -11*c - 1. Determine n(1).
-12
Let x(z) = -16*z**3 + 1. What is x(1)?
-15
Let n(i) = 13*i - 25. Give n(6).
53
Let i(w) = -w**2 - w + 4. Determine i(0).
4
Let a(b) = -2*b**2 + 36*b + 3. Give a(18).
3
Let q(c) = c**3 - 5*c**2 - 6*c - 15. Determine q(7).
41
Let x(d) = d**2 - 18*d + 22. What is x(15)?
-23
Let i(o) = o**3 - 9*o**2 + 6*o + 10. Determine i(8).
-6
Let y(v) = -v**2 + 50*v - 152. Calculate y(47).
-11
Let w(l) = -4*l**2 - 2*l + 6. What is w(-3)?
-24
Let y(f) = -2*f**3 + 2*f - 203. Determine y(0).
-203
Let n(v) = v**2 - v - 2. Give n(2).
0
Let l(s) = -s**3 - 5*s**2 - 2*s + 10. Calculate l(-4).
2
Let q(v) = v**3 + 6*v**2 + 3*v + 9. Calculate q(-6).
-9
Let u(t) = t**2 + 5*t - 12. Determine u(-6).
-6
Let f(k) = k**2 + 9*k - 3. What is f(-8)?
-11
Let q(w) = -6*w**2 + w. Calculate q(1).
-5
Let i(n) = n**3 - 7*n**2 - 2*n + 8. Give i(7).
-6
Let u(c) = c**3 - 8*c**2 - 11*c - 5. Determine u(9).
-23
Let g(b) = 4*b + 22. Give g(-10).
-18
Let o(g) = -63*g**3 - g. Calculate o(-1).
64
Let g(y) = -3*y**2 - 71*y + 22. Determine g(-24).
-2
Let q(x) = -2*x**2 - 3*x - 13. What is q(-4)?
-33
Let n(w) = -2*w - 42. What is n(-21)?
0
Let r(v) = v**3 + 10*v**2 + 2*v - 14. What is r(-10)?
-34
Let o(h) = 2*h**3 + 63*h**2 + 33*h + 71. What is o(-31)?
9
Let w(t) = 12*t - 105. Give w(5).
-45
Let i(q) = -q**3 + 4*q**2 - 4*q + 4. What is i(4)?
-12
Let k(y) = 45*y + 26. What is k(-4)?
-154
Let z(l) = l**2 - 4*l - 13. What is z(8)?
19
Let b(r) = 13*r - 6. What is b(-6)?
-84
Let q(t) = -19*t - 634. Determine q(-33).
-7
Let r(m) = m**2 - 2*m + 6. Give r(8).
54
Let k(s) = s**3 - 10*s**2 + 13. What is k(10)?
13
Let y(t) = -3*t - 25. Give y(-12).
11
Let q(v) = -v + 3. Determine q(5).
-2
Let q(v) = -8*v - 203. What is q(-26)?
5
Let d(h) = 2*h**2 + 57*h + 17. Give d(-28).
-11
Let c(p) = -7*p**2 - 6*p - 11. Determine c(-2).
-27
Let u(z) = z**3 - 4*z**2 - 7*z + 4. Calculate u(5).
-6
Let q(t) = t + 13. What is q(-5)?
8
Let s(g) = -g**3 - 7*g**2 + 23. Determine s(-4).
-25
Let s(n) = n**2 - n - 9. Determine s(5).
11
Let l(s) = -8*s - 3. What is l(-1)?
5
Let y(m) = -2*m**2 - 8*m - 1. What is y(-6)?
-25
Let g(t) = -5*t - 12. Give g(-7).
23
Let f(z) = -20*z**3 + z**2 - 13*z - 13. Give f(-1).
21
Let s(h) = h**3 - 5*h**2 - 15*h + 9. What is s(7)?
2
Let u(m) = m**3 - 4*m**2 - 12*m + 41. Give u(5).
6
Let i(t) = -7*t + 69. What is i(11)?
-8
Let u(x) = x**2 + 27*x - 98. Calculate u(-31).
26
Let x(a) = -a**2 + 5*a + 7. What is x(6)?
1
Let i(y) = -y**2 - 8*y - 3. Calculate i(-5).
12
Let a(k) = 4*k - 14. What is a(12)?
34
Let h(q) = -3*q**2 + 6*q + 7. Determine h(-5).
-98
Let b(v) = -6*v - 4. Calculate b(7).
-46
Let o(c) = 12*c**2 - 576*c - 1. Calculate o(48).
-1
Let v(y) = -y**2 + 6*y - 1. Determine v(7).
-8
Let a(m) = m**3 + 8*m**2 + 6*m - 6. Determine a(-6).
30
Let a(c) = -11*c + 11. What is a(4)?
-33
Let l(u) = 13*u + 634. Calculate l(-48).
10
Let y(x) = x**2 + x + 3. What is y(-4)?
15
Let h(g) = -4*g**2 - 66*g - 25. Determine h(-16).
7
Let n(k) = k**3 + 12*k**2 + 10*k - 1. What is n(-11)?
10
Let b(y) = -14*y - 128. What is b(-9)?
-2
Let p(d) = 2*d**3 - 2*d**2 - 10*d + 18. Give p(2).
6
Let l(k) = k**2 - 4*k - 7. Calculate l(8).
25
Let p(f) = -f**3 + 8*f**2 + 9*f - 13. Calculate p(9